{"id":612,"date":"2024-10-23T10:08:31","date_gmt":"2024-10-23T13:08:31","guid":{"rendered":"https:\/\/digitalpremiumoficial.com\/?page_id=612"},"modified":"2025-03-05T18:37:21","modified_gmt":"2025-03-05T21:37:21","slug":"amigurumis-de-natal","status":"publish","type":"page","link":"https:\/\/digitalpremiumoficial.com\/index.php\/amigurumis-de-natal\/","title":{"rendered":"Amigurumis de Natal"},"content":{"rendered":"\t\t<div data-elementor-type=\"wp-page\" data-elementor-id=\"612\" class=\"elementor elementor-612\">\n\t\t\t\t<div class=\"elementor-element elementor-element-1d4e76f7 e-con-full elementor-hidden-desktop elementor-hidden-tablet e-flex e-con e-parent\" data-id=\"1d4e76f7\" data-element_type=\"container\" data-settings=\"{&quot;background_background&quot;:&quot;classic&quot;}\">\n\t\t<div class=\"elementor-element elementor-element-400cac3e e-con-full e-flex e-con e-child\" data-id=\"400cac3e\" data-element_type=\"container\">\n\t\t\t\t<\/div>\n\t\t<div class=\"elementor-element elementor-element-54847041 e-con-full e-flex e-con e-child\" data-id=\"54847041\" data-element_type=\"container\">\n\t\t\t\t<\/div>\n\t\t<div class=\"elementor-element elementor-element-762e1357 e-con-full e-flex e-con e-child\" data-id=\"762e1357\" data-element_type=\"container\">\n\t\t\t\t<div class=\"elementor-element elementor-element-4dacac26 elementor-mobile-align-center elementor-align-center elementor-widget elementor-widget-button\" data-id=\"4dacac26\" data-element_type=\"widget\" data-widget_type=\"button.default\">\n\t\t\t\t<div class=\"elementor-widget-container\">\n\t\t\t\t\t\t\t\t\t<div class=\"elementor-button-wrapper\">\n\t\t\t\t\t<a class=\"elementor-button elementor-button-link elementor-size-md\" href=\"https:\/\/pay.kiwify.com.br\/D8XCZzr\">\n\t\t\t\t\t\t<span class=\"elementor-button-content-wrapper\">\n\t\t\t\t\t\t\t\t\t<span class=\"elementor-button-text\">QUERO ADQUIRIR<\/span>\n\t\t\t\t\t<\/span>\n\t\t\t\t\t<\/a>\n\t\t\t\t<\/div>\n\t\t\t\t\t\t\t\t<\/div>\n\t\t\t\t<\/div>\n\t\t\t\t<\/div>\n\t\t\t\t<\/div>\n\t\t<div class=\"elementor-element elementor-element-6bb3f9b elementor-hidden-mobile e-flex e-con-boxed e-con e-parent\" data-id=\"6bb3f9b\" data-element_type=\"container\" data-settings=\"{&quot;background_background&quot;:&quot;classic&quot;}\">\n\t\t\t\t\t<div class=\"e-con-inner\">\n\t\t<div class=\"elementor-element elementor-element-57926092 e-con-full e-flex e-con e-child\" data-id=\"57926092\" data-element_type=\"container\">\n\t\t\t\t<\/div>\n\t\t<div class=\"elementor-element elementor-element-6273c0d2 e-con-full e-flex e-con e-child\" data-id=\"6273c0d2\" data-element_type=\"container\">\n\t\t\t\t<\/div>\n\t\t<div class=\"elementor-element elementor-element-78d3d006 e-con-full e-flex e-con e-child\" data-id=\"78d3d006\" data-element_type=\"container\">\n\t\t\t\t<div class=\"elementor-element elementor-element-307696e9 elementor-mobile-align-center elementor-align-center elementor-widget elementor-widget-button\" data-id=\"307696e9\" data-element_type=\"widget\" data-widget_type=\"button.default\">\n\t\t\t\t<div class=\"elementor-widget-container\">\n\t\t\t\t\t\t\t\t\t<div class=\"elementor-button-wrapper\">\n\t\t\t\t\t<a class=\"elementor-button elementor-button-link elementor-size-md\" href=\"https:\/\/pay.kiwify.com.br\/D8XCZzr\">\n\t\t\t\t\t\t<span class=\"elementor-button-content-wrapper\">\n\t\t\t\t\t\t\t\t\t<span class=\"elementor-button-text\">QUERO ADQUIRIR <\/span>\n\t\t\t\t\t<\/span>\n\t\t\t\t\t<\/a>\n\t\t\t\t<\/div>\n\t\t\t\t\t\t\t\t<\/div>\n\t\t\t\t<\/div>\n\t\t\t\t<\/div>\n\t\t\t\t\t<\/div>\n\t\t\t\t<\/div>\n\t\t<div class=\"elementor-element elementor-element-76459bd3 e-flex e-con-boxed e-con e-parent\" data-id=\"76459bd3\" data-element_type=\"container\" data-settings=\"{&quot;background_background&quot;:&quot;classic&quot;}\">\n\t\t\t\t\t<div class=\"e-con-inner\">\n\t\t\t\t<div class=\"elementor-element elementor-element-1da4ec35 elementor-widget elementor-widget-image\" data-id=\"1da4ec35\" data-element_type=\"widget\" data-widget_type=\"image.default\">\n\t\t\t\t<div class=\"elementor-widget-container\">\n\t\t\t\t\t\t\t\t\t\t\t\t\t\t\t<img fetchpriority=\"high\" decoding=\"async\" width=\"377\" height=\"1024\" src=\"https:\/\/digitalpremiumoficial.com\/wp-content\/uploads\/2023\/12\/Edna-Oliveira-1-e1729635694791-377x1024.png\" class=\"attachment-large size-large wp-image-145\" alt=\"\" srcset=\"https:\/\/digitalpremiumoficial.com\/wp-content\/uploads\/2023\/12\/Edna-Oliveira-1-e1729635694791-377x1024.png 377w, https:\/\/digitalpremiumoficial.com\/wp-content\/uploads\/2023\/12\/Edna-Oliveira-1-e1729635694791-110x300.png 110w, https:\/\/digitalpremiumoficial.com\/wp-content\/uploads\/2023\/12\/Edna-Oliveira-1-e1729635694791-566x1536.png 566w, https:\/\/digitalpremiumoficial.com\/wp-content\/uploads\/2023\/12\/Edna-Oliveira-1-e1729635694791.png 707w\" sizes=\"(max-width: 377px) 100vw, 377px\" \/>\t\t\t\t\t\t\t\t\t\t\t\t\t\t\t<\/div>\n\t\t\t\t<\/div>\n\t\t<div class=\"elementor-element elementor-element-7562a018 e-flex e-con-boxed e-con e-child\" data-id=\"7562a018\" data-element_type=\"container\">\n\t\t\t\t\t<div class=\"e-con-inner\">\n\t\t<div class=\"elementor-element elementor-element-31294fd2 e-flex e-con-boxed e-con e-child\" data-id=\"31294fd2\" data-element_type=\"container\">\n\t\t\t\t\t<div class=\"e-con-inner\">\n\t\t\t\t<div class=\"elementor-element elementor-element-3645088a elementor-widget elementor-widget-heading\" data-id=\"3645088a\" data-element_type=\"widget\" data-widget_type=\"heading.default\">\n\t\t\t\t<div class=\"elementor-widget-container\">\n\t\t\t\t\t<h2 class=\"elementor-heading-title elementor-size-default\">ADQUIRA AGORA MESMO <\/h2>\t\t\t\t<\/div>\n\t\t\t\t<\/div>\n\t\t\t\t<div class=\"elementor-element elementor-element-16402386 elementor-widget elementor-widget-heading\" data-id=\"16402386\" data-element_type=\"widget\" data-widget_type=\"heading.default\">\n\t\t\t\t<div class=\"elementor-widget-container\">\n\t\t\t\t\t<h2 class=\"elementor-heading-title elementor-size-default\">\u00daLTIMAS VAGAS!<\/h2>\t\t\t\t<\/div>\n\t\t\t\t<\/div>\n\t\t\t\t<div class=\"elementor-element elementor-element-395e6148 elementor-widget elementor-widget-progress\" data-id=\"395e6148\" data-element_type=\"widget\" data-widget_type=\"progress.default\">\n\t\t\t\t<div class=\"elementor-widget-container\">\n\t\t\t\t\t\n\t\t<div class=\"elementor-progress-wrapper\" role=\"progressbar\" aria-valuemin=\"0\" aria-valuemax=\"100\" aria-valuenow=\"86\" aria-valuetext=\"86% (TOTAL DE VAGAS PREENCIDAS )\">\n\t\t\t<div class=\"elementor-progress-bar\" data-max=\"86\">\n\t\t\t\t<span class=\"elementor-progress-text\">TOTAL DE VAGAS PREENCIDAS <\/span>\n\t\t\t\t\t\t\t\t\t<span class=\"elementor-progress-percentage\">86%<\/span>\n\t\t\t\t\t\t\t<\/div>\n\t\t<\/div>\n\t\t\t\t\t\t<\/div>\n\t\t\t\t<\/div>\n\t\t\t\t<div class=\"elementor-element elementor-element-23c21a82 elementor-widget elementor-widget-heading\" data-id=\"23c21a82\" data-element_type=\"widget\" data-widget_type=\"heading.default\">\n\t\t\t\t<div class=\"elementor-widget-container\">\n\t\t\t\t\t<h2 class=\"elementor-heading-title elementor-size-default\">DE <s>R$149,90 <\/s> POR<\/h2>\t\t\t\t<\/div>\n\t\t\t\t<\/div>\n\t\t\t\t<div class=\"elementor-element elementor-element-16e7d310 elementor-widget elementor-widget-heading\" data-id=\"16e7d310\" data-element_type=\"widget\" data-widget_type=\"heading.default\">\n\t\t\t\t<div class=\"elementor-widget-container\">\n\t\t\t\t\t<h2 class=\"elementor-heading-title elementor-size-default\"><b>R$ 19,90<\/b><\/h2>\t\t\t\t<\/div>\n\t\t\t\t<\/div>\n\t\t\t\t<div class=\"elementor-element elementor-element-41fc584f elementor-widget elementor-widget-heading\" data-id=\"41fc584f\" data-element_type=\"widget\" data-widget_type=\"heading.default\">\n\t\t\t\t<div class=\"elementor-widget-container\">\n\t\t\t\t\t<h2 class=\"elementor-heading-title elementor-size-default\">Pagamento \u00danico<\/h2>\t\t\t\t<\/div>\n\t\t\t\t<\/div>\n\t\t\t\t<div class=\"elementor-element elementor-element-368c7797 elementor-mobile-align-center elementor-align-center elementor-widget elementor-widget-button\" data-id=\"368c7797\" data-element_type=\"widget\" data-widget_type=\"button.default\">\n\t\t\t\t<div class=\"elementor-widget-container\">\n\t\t\t\t\t\t\t\t\t<div class=\"elementor-button-wrapper\">\n\t\t\t\t\t<a class=\"elementor-button elementor-button-link elementor-size-md\" href=\"https:\/\/pay.kiwify.com.br\/D8XCZzr\">\n\t\t\t\t\t\t<span class=\"elementor-button-content-wrapper\">\n\t\t\t\t\t\t\t\t\t<span class=\"elementor-button-text\">COMPRAR AGORA<\/span>\n\t\t\t\t\t<\/span>\n\t\t\t\t\t<\/a>\n\t\t\t\t<\/div>\n\t\t\t\t\t\t\t\t<\/div>\n\t\t\t\t<\/div>\n\t\t\t\t<div class=\"elementor-element elementor-element-52a75bec elementor-widget elementor-widget-image\" data-id=\"52a75bec\" data-element_type=\"widget\" data-widget_type=\"image.default\">\n\t\t\t\t<div class=\"elementor-widget-container\">\n\t\t\t\t\t\t\t\t\t\t\t\t\t\t\t<img decoding=\"async\" width=\"1024\" height=\"212\" src=\"https:\/\/digitalpremiumoficial.com\/wp-content\/uploads\/2023\/11\/checkout-e1689811201178-1024x212.png\" class=\"attachment-large size-large wp-image-10\" alt=\"\" srcset=\"https:\/\/digitalpremiumoficial.com\/wp-content\/uploads\/2023\/11\/checkout-e1689811201178-1024x212.png 1024w, https:\/\/digitalpremiumoficial.com\/wp-content\/uploads\/2023\/11\/checkout-e1689811201178-300x62.png 300w, https:\/\/digitalpremiumoficial.com\/wp-content\/uploads\/2023\/11\/checkout-e1689811201178-768x159.png 768w, https:\/\/digitalpremiumoficial.com\/wp-content\/uploads\/2023\/11\/checkout-e1689811201178-1536x319.png 1536w, https:\/\/digitalpremiumoficial.com\/wp-content\/uploads\/2023\/11\/checkout-e1689811201178-2048x425.png 2048w\" sizes=\"(max-width: 1024px) 100vw, 1024px\" \/>\t\t\t\t\t\t\t\t\t\t\t\t\t\t\t<\/div>\n\t\t\t\t<\/div>\n\t\t\t\t\t<\/div>\n\t\t\t\t<\/div>\n\t\t\t\t\t<\/div>\n\t\t\t\t<\/div>\n\t\t\t\t<div class=\"elementor-element elementor-element-63b91a91 elementor-widget elementor-widget-html\" data-id=\"63b91a91\" data-element_type=\"widget\" data-widget_type=\"html.default\">\n\t\t\t\t<div class=\"elementor-widget-container\">\n\t\t\t\t\tNotifica\u00e7\u00e3o de compra\/\n<script src=\"https:\/\/cdn.jsdelivr.net\/npm\/notiflix@2.6.0\/dist\/notiflix-aio-2.6.0.min.js\"><\/script>\n\n       <script> \/right-top, right-bottom, left-top, left-bottom, center-top, center-bottom, center-center\/\n        var position = \"left-bottom\";\n \n        \/verde, azul, vermelho, amarelo\/\n        var color = \"verde\";\n \n        \/fade, zoom, from-right, from-left, from-top, from-bottom\/\n        var animation = \"from-left\";\n \n        \/nome do produto\/\n        var product_name = \"\";\n \n        \/frase depois do nome da pessoa\/\n        var phrase = \"acabou de comprar\";\n        var timeout = 4000;\n \n        \/masc, fem, any\/\n        var type_name = \"masc, fem\";\n        var msg_final = \"\";\n \n        var min_time = 4;\n        var max_time = 20;\n \n        var names_masc = ['Bianca', 'Debora', 'Anna', 'Vit\u00f3ria', 'Juliane', 'Angela', 'Isabelle', 'Amanda', 'Katielle', 'Edinamar', 'Meire', 'Marlenne', 'Bruna', 'Juliana', 'Anne', 'Rayssa', 'Claudia', 'Leila', 'Irene', 'Regiane', 'Raylane', 'Franciele', 'Hellen', 'Loayne', 'Luana'];\n        var names_fem = ['Maria', 'Ana', 'Francisca', 'Antonia', 'Adriana', 'Juliana', 'Marcia', 'Fernanda', 'Patricia', 'Aline', 'Sandra', 'Camila', 'Amanda', 'Bruna', 'Jessica', 'Leticia', 'Julia', 'Luciana', 'Vanessa', 'Mariana', 'Gabriela', 'Vera', 'Vitoria', 'Larissa', 'Claudia', 'Beatriz', 'Rita', 'Luana', 'Sonia', 'Renata', 'Eliane'];\n \n        var option = {\n            position: position,\n            cssAnimationStyle: animation,\n            plainText: false,\n            timeout: timeout\n        };\n \n        function show_notification() {\n            if (type_name == \"masc\") {\n                msg_final = \"<strong>\" + names_masc[Math.floor(Math.random() * names_masc.length)] + \"<\/strong>\";\n            } else if (type_name == \"fem\") {\n                msg_final = \"<strong>\" + names_fem[Math.floor(Math.random() * names_fem.length)] + \"<\/strong>\";\n            } else {\n                var array_aux = [\"masc\", \"fem\"];\n \n                if (array_aux[Math.floor(Math.random() * array_aux.length)] == \"masc\") {\n                    msg_final = \"<strong>\" + names_masc[Math.floor(Math.random() * names_masc.length)] + \"<\/strong>\";\n                } else {\n                    msg_final = \"<strong>\" + names_fem[Math.floor(Math.random() * names_fem.length)] + \"<\/strong>\";\n                }\n            }\n \n            msg_final += decodeURIComponent(escape(\" \" + phrase + \" \" + product_name));\n \n            if (color == \"verde\") {\n                Notiflix.Notify.Success(msg_final, option);\n            }\n \n            if (color == \"azul\") {\n                Notiflix.Notify.Info(msg_final, option);\n            }\n \n            if (color == \"vermelho\") {\n                Notiflix.Notify.Failure(msg_final, option);\n            }\n \n            if (color == \"amarelo\") {\n                Notiflix.Notify.Warning(msg_final, option);\n            }\n \n            var rand = Math.floor(Math.random() * (max_time - min_time + 1) + min_time);\n            setTimeout(show_notification, rand * 1000);\n        }\n            setTimeout(show_notification, 4 * 1000);\n<\/script>\t\t\t\t<\/div>\n\t\t\t\t<\/div>\n\t\t\t\t\t<\/div>\n\t\t\t\t<\/div>\n\t\t<div class=\"elementor-element elementor-element-63cea8d4 e-flex e-con-boxed e-con e-parent\" data-id=\"63cea8d4\" data-element_type=\"container\" data-settings=\"{&quot;background_background&quot;:&quot;classic&quot;,&quot;shape_divider_top&quot;:&quot;opacity-tilt&quot;}\">\n\t\t\t\t\t<div class=\"e-con-inner\">\n\t\t\t\t<div class=\"elementor-shape elementor-shape-top\" aria-hidden=\"true\" data-negative=\"false\">\n\t\t\t<svg xmlns=\"http:\/\/www.w3.org\/2000\/svg\" viewBox=\"0 0 2600 131.1\" preserveAspectRatio=\"none\">\n\t<path class=\"elementor-shape-fill\" d=\"M0 0L2600 0 2600 69.1 0 0z\"\/>\n\t<path class=\"elementor-shape-fill\" style=\"opacity:0.5\" d=\"M0 0L2600 0 2600 69.1 0 69.1z\"\/>\n\t<path class=\"elementor-shape-fill\" style=\"opacity:0.25\" d=\"M2600 0L0 0 0 130.1 2600 69.1z\"\/>\n<\/svg>\t\t<\/div>\n\t\t\t\t<div class=\"elementor-element elementor-element-59086f69 elementor-widget elementor-widget-html\" data-id=\"59086f69\" data-element_type=\"widget\" data-widget_type=\"html.default\">\n\t\t\t\t<div class=\"elementor-widget-container\">\n\t\t\t\t\t<!-- Meta Pixel Code -->\r\n<script>\r\n!function(f,b,e,v,n,t,s)\r\n{if(f.fbq)return;n=f.fbq=function(){n.callMethod?\r\nn.callMethod.apply(n,arguments):n.queue.push(arguments)};\r\nif(!f._fbq)f._fbq=n;n.push=n;n.loaded=!0;n.version='2.0';\r\nn.queue=[];t=b.createElement(e);t.async=!0;\r\nt.src=v;s=b.getElementsByTagName(e)[0];\r\ns.parentNode.insertBefore(t,s)}(window, document,'script',\r\n'https:\/\/connect.facebook.net\/en_US\/fbevents.js');\r\nfbq('init', '897545481392162');\r\nfbq('track', 'PageView');\r\n<\/script>\r\n<noscript><img height=\"1\" width=\"1\" style=\"display:none\"\r\nsrc=\"https:\/\/www.facebook.com\/tr?id=897545481392162&ev=PageView&noscript=1\"\r\n\/><\/noscript>\r\n<!-- End Meta Pixel Code -->\t\t\t\t<\/div>\n\t\t\t\t<\/div>\n\t\t\t\t<div class=\"elementor-element elementor-element-37147cfd elementor-widget elementor-widget-heading\" data-id=\"37147cfd\" data-element_type=\"widget\" data-widget_type=\"heading.default\">\n\t\t\t\t<div class=\"elementor-widget-container\">\n\t\t\t\t\t<h2 class=\"elementor-heading-title elementor-size-default\">Digital Premium Treinamentos\n<\/h2>\t\t\t\t<\/div>\n\t\t\t\t<\/div>\n\t\t\t\t<div class=\"elementor-element elementor-element-1a397b54 elementor-widget elementor-widget-heading\" data-id=\"1a397b54\" data-element_type=\"widget\" data-widget_type=\"heading.default\">\n\t\t\t\t<div class=\"elementor-widget-container\">\n\t\t\t\t\t<h2 class=\"elementor-heading-title elementor-size-default\">Copyright\u00a9 | Todos os direitos reservados<\/h2>\t\t\t\t<\/div>\n\t\t\t\t<\/div>\n\t\t\t\t\t<\/div>\n\t\t\t\t<\/div>\n\t\t\t\t<\/div>\n\t\t","protected":false},"excerpt":{"rendered":"<p>QUERO ADQUIRIR QUERO ADQUIRIR ADQUIRA AGORA MESMO \u00daLTIMAS VAGAS! TOTAL DE VAGAS PREENCIDAS 86% DE R$149,90 POR R$ 19,90 Pagamento \u00danico COMPRAR AGORA Notifica\u00e7\u00e3o de compra\/ Digital Premium Treinamentos Copyright\u00a9 | Todos os direitos reservados<\/p>\n","protected":false},"author":1,"featured_media":0,"parent":0,"menu_order":0,"comment_status":"closed","ping_status":"closed","template":"elementor_canvas","meta":{"footnotes":""},"class_list":["post-612","page","type-page","status-publish","hentry"],"aioseo_notices":[],"_links":{"self":[{"href":"https:\/\/digitalpremiumoficial.com\/index.php\/wp-json\/wp\/v2\/pages\/612","targetHints":{"allow":["GET"]}}],"collection":[{"href":"https:\/\/digitalpremiumoficial.com\/index.php\/wp-json\/wp\/v2\/pages"}],"about":[{"href":"https:\/\/digitalpremiumoficial.com\/index.php\/wp-json\/wp\/v2\/types\/page"}],"author":[{"embeddable":true,"href":"https:\/\/digitalpremiumoficial.com\/index.php\/wp-json\/wp\/v2\/users\/1"}],"replies":[{"embeddable":true,"href":"https:\/\/digitalpremiumoficial.com\/index.php\/wp-json\/wp\/v2\/comments?post=612"}],"version-history":[{"count":5,"href":"https:\/\/digitalpremiumoficial.com\/index.php\/wp-json\/wp\/v2\/pages\/612\/revisions"}],"predecessor-version":[{"id":757,"href":"https:\/\/digitalpremiumoficial.com\/index.php\/wp-json\/wp\/v2\/pages\/612\/revisions\/757"}],"wp:attachment":[{"href":"https:\/\/digitalpremiumoficial.com\/index.php\/wp-json\/wp\/v2\/media?parent=612"}],"curies":[{"name":"wp","href":"https:\/\/api.w.org\/{rel}","templated":true}]}}