{"id":635,"date":"2025-02-01T11:43:38","date_gmt":"2025-02-01T14:43:38","guid":{"rendered":"https:\/\/digitalpremiumoficial.com\/?page_id=635"},"modified":"2025-12-17T16:14:16","modified_gmt":"2025-12-17T19:14:16","slug":"my-planner","status":"publish","type":"page","link":"https:\/\/digitalpremiumoficial.com\/index.php\/my-planner\/","title":{"rendered":"My planner"},"content":{"rendered":"\t\t<div data-elementor-type=\"wp-page\" data-elementor-id=\"635\" class=\"elementor elementor-635\">\n\t\t\t\t<div class=\"elementor-element elementor-element-1746c3cf e-con-full elementor-hidden-desktop elementor-hidden-tablet e-flex e-con e-parent\" data-id=\"1746c3cf\" data-element_type=\"container\" data-settings=\"{&quot;background_background&quot;:&quot;classic&quot;}\">\n\t\t<div class=\"elementor-element elementor-element-40cb4186 e-con-full e-flex e-con e-child\" data-id=\"40cb4186\" data-element_type=\"container\">\n\t\t\t\t<\/div>\n\t\t<div class=\"elementor-element elementor-element-761660e7 e-con-full e-flex e-con e-child\" data-id=\"761660e7\" data-element_type=\"container\">\n\t\t\t\t<\/div>\n\t\t<div class=\"elementor-element elementor-element-3813b553 e-con-full e-flex e-con e-child\" data-id=\"3813b553\" data-element_type=\"container\">\n\t\t\t\t<div class=\"elementor-element elementor-element-2f9fa62c elementor-mobile-align-center elementor-align-center elementor-widget elementor-widget-button\" data-id=\"2f9fa62c\" data-element_type=\"widget\" data-widget_type=\"button.default\">\n\t\t\t\t<div class=\"elementor-widget-container\">\n\t\t\t\t\t\t\t\t\t<div class=\"elementor-button-wrapper\">\n\t\t\t\t\t<a class=\"elementor-button elementor-size-md\" role=\"button\">\n\t\t\t\t\t\t<span class=\"elementor-button-content-wrapper\">\n\t\t\t\t\t\t\t\t\t<span class=\"elementor-button-text\">QUERO ADQUIRIR<\/span>\n\t\t\t\t\t<\/span>\n\t\t\t\t\t<\/a>\n\t\t\t\t<\/div>\n\t\t\t\t\t\t\t\t<\/div>\n\t\t\t\t<\/div>\n\t\t\t\t<\/div>\n\t\t\t\t<\/div>\n\t\t<div class=\"elementor-element elementor-element-5f43ee82 elementor-hidden-mobile e-flex e-con-boxed e-con e-parent\" data-id=\"5f43ee82\" data-element_type=\"container\" data-settings=\"{&quot;background_background&quot;:&quot;classic&quot;}\">\n\t\t\t\t\t<div class=\"e-con-inner\">\n\t\t<div class=\"elementor-element elementor-element-4d8775a3 e-con-full e-flex e-con e-child\" data-id=\"4d8775a3\" data-element_type=\"container\">\n\t\t\t\t<\/div>\n\t\t<div class=\"elementor-element elementor-element-31090e46 e-con-full e-flex e-con e-child\" data-id=\"31090e46\" data-element_type=\"container\">\n\t\t\t\t<\/div>\n\t\t<div class=\"elementor-element elementor-element-1655b3d6 e-con-full e-flex e-con e-child\" data-id=\"1655b3d6\" data-element_type=\"container\">\n\t\t\t\t<div class=\"elementor-element elementor-element-14fd28ce elementor-mobile-align-center elementor-align-center elementor-widget elementor-widget-button\" data-id=\"14fd28ce\" data-element_type=\"widget\" data-widget_type=\"button.default\">\n\t\t\t\t<div class=\"elementor-widget-container\">\n\t\t\t\t\t\t\t\t\t<div class=\"elementor-button-wrapper\">\n\t\t\t\t\t<a class=\"elementor-button elementor-size-md\" role=\"button\">\n\t\t\t\t\t\t<span class=\"elementor-button-content-wrapper\">\n\t\t\t\t\t\t\t\t\t<span class=\"elementor-button-text\">QUERO ADQUIRIR <\/span>\n\t\t\t\t\t<\/span>\n\t\t\t\t\t<\/a>\n\t\t\t\t<\/div>\n\t\t\t\t\t\t\t\t<\/div>\n\t\t\t\t<\/div>\n\t\t\t\t<\/div>\n\t\t\t\t\t<\/div>\n\t\t\t\t<\/div>\n\t\t<div class=\"elementor-element elementor-element-269826b e-flex e-con-boxed e-con e-parent\" data-id=\"269826b\" data-element_type=\"container\" data-settings=\"{&quot;background_background&quot;:&quot;classic&quot;}\">\n\t\t\t\t\t<div class=\"e-con-inner\">\n\t\t<div class=\"elementor-element elementor-element-493eb327 e-con-full e-flex e-con e-child\" data-id=\"493eb327\" data-element_type=\"container\">\n\t\t\t\t<div class=\"elementor-element elementor-element-bdd28a0 elementor-widget elementor-widget-image\" data-id=\"bdd28a0\" data-element_type=\"widget\" data-widget_type=\"image.default\">\n\t\t\t\t<div class=\"elementor-widget-container\">\n\t\t\t\t\t\t\t\t\t\t\t\t\t\t\t<img fetchpriority=\"high\" decoding=\"async\" width=\"1024\" height=\"1024\" src=\"https:\/\/digitalpremiumoficial.com\/wp-content\/uploads\/2025\/12\/6-1-1024x1024.png\" class=\"attachment-large size-large wp-image-1097\" alt=\"\" srcset=\"https:\/\/digitalpremiumoficial.com\/wp-content\/uploads\/2025\/12\/6-1-1024x1024.png 1024w, https:\/\/digitalpremiumoficial.com\/wp-content\/uploads\/2025\/12\/6-1-300x300.png 300w, https:\/\/digitalpremiumoficial.com\/wp-content\/uploads\/2025\/12\/6-1-150x150.png 150w, https:\/\/digitalpremiumoficial.com\/wp-content\/uploads\/2025\/12\/6-1-768x768.png 768w, https:\/\/digitalpremiumoficial.com\/wp-content\/uploads\/2025\/12\/6-1-1536x1536.png 1536w, https:\/\/digitalpremiumoficial.com\/wp-content\/uploads\/2025\/12\/6-1-2048x2048.png 2048w\" sizes=\"(max-width: 1024px) 100vw, 1024px\" \/>\t\t\t\t\t\t\t\t\t\t\t\t\t\t\t<\/div>\n\t\t\t\t<\/div>\n\t\t\t\t<div class=\"elementor-element elementor-element-62d6ce5 elementor-widget elementor-widget-heading\" data-id=\"62d6ce5\" data-element_type=\"widget\" data-widget_type=\"heading.default\">\n\t\t\t\t<div class=\"elementor-widget-container\">\n\t\t\t\t\t<h2 class=\"elementor-heading-title elementor-size-default\">O planner digital \u00e9 perfeito para quem quer mais leveza e organiza\u00e7\u00e3o no dia a dia!\u2728<\/h2>\t\t\t\t<\/div>\n\t\t\t\t<\/div>\n\t\t\t\t<div class=\"elementor-element elementor-element-413e1c8e elementor-widget elementor-widget-heading\" data-id=\"413e1c8e\" data-element_type=\"widget\" data-widget_type=\"heading.default\">\n\t\t\t\t<div class=\"elementor-widget-container\">\n\t\t\t\t\t<h2 class=\"elementor-heading-title elementor-size-default\">Com ele, voc\u00ea n\u00e3o precisa mais de mil anota\u00e7\u00f5es espalhadas. Em um s\u00f3 lugar, voc\u00ea encontra:<\/h2>\t\t\t\t<\/div>\n\t\t\t\t<\/div>\n\t\t\t\t<\/div>\n\t\t<div class=\"elementor-element elementor-element-5df71e8a e-con-full e-flex e-con e-child\" data-id=\"5df71e8a\" data-element_type=\"container\">\n\t\t\t\t<div class=\"elementor-element elementor-element-4d4e6a7 elementor-icon-list--layout-traditional elementor-list-item-link-full_width elementor-widget elementor-widget-icon-list\" data-id=\"4d4e6a7\" data-element_type=\"widget\" data-widget_type=\"icon-list.default\">\n\t\t\t\t<div class=\"elementor-widget-container\">\n\t\t\t\t\t\t\t<ul class=\"elementor-icon-list-items\">\n\t\t\t\t\t\t\t<li class=\"elementor-icon-list-item\">\n\t\t\t\t\t\t\t\t\t\t<span class=\"elementor-icon-list-text\">\u2705 Rotina di\u00e1ria \u2013 Planeje seu dia de forma pr\u00e1tica e sem estresse.<\/span>\n\t\t\t\t\t\t\t\t\t<\/li>\n\t\t\t\t\t\t\t\t<li class=\"elementor-icon-list-item\">\n\t\t\t\t\t\t\t\t\t\t<span class=\"elementor-icon-list-text\">\u2705 Autocuidado \u2013 Priorize seu bem-estar e crie h\u00e1bitos saud\u00e1veis.<\/span>\n\t\t\t\t\t\t\t\t\t<\/li>\n\t\t\t\t\t\t\t\t<li class=\"elementor-icon-list-item\">\n\t\t\t\t\t\t\t\t\t\t<span class=\"elementor-icon-list-text\">\u2705 Alimenta\u00e7\u00e3o \u2013 Organize suas refei\u00e7\u00f5es para manter equil\u00edbrio.<\/span>\n\t\t\t\t\t\t\t\t\t<\/li>\n\t\t\t\t\t\t\t\t<li class=\"elementor-icon-list-item\">\n\t\t\t\t\t\t\t\t\t\t<span class=\"elementor-icon-list-text\">\u2705 Treinos e bem-estar \u2013 Mantenha-se ativa no seu ritmo.<\/span>\n\t\t\t\t\t\t\t\t\t<\/li>\n\t\t\t\t\t\t\t\t<li class=\"elementor-icon-list-item\">\n\t\t\t\t\t\t\t\t\t\t<span class=\"elementor-icon-list-text\">\u2705 Organiza\u00e7\u00e3o financeira \u2013 Controle seus gastos e tenha mais clareza sobre seu dinheiro.<\/span>\n\t\t\t\t\t\t\t\t\t<\/li>\n\t\t\t\t\t\t<\/ul>\n\t\t\t\t\t\t<\/div>\n\t\t\t\t<\/div>\n\t\t\t\t<\/div>\n\t\t\t\t<div class=\"elementor-element elementor-element-74bca5dc elementor-mobile-align-center elementor-align-center elementor-widget elementor-widget-button\" data-id=\"74bca5dc\" data-element_type=\"widget\" data-widget_type=\"button.default\">\n\t\t\t\t<div class=\"elementor-widget-container\">\n\t\t\t\t\t\t\t\t\t<div class=\"elementor-button-wrapper\">\n\t\t\t\t\t<a class=\"elementor-button elementor-size-md\" role=\"button\">\n\t\t\t\t\t\t<span class=\"elementor-button-content-wrapper\">\n\t\t\t\t\t\t\t\t\t<span class=\"elementor-button-text\">QUERO ADQUIRIR<\/span>\n\t\t\t\t\t<\/span>\n\t\t\t\t\t<\/a>\n\t\t\t\t<\/div>\n\t\t\t\t\t\t\t\t<\/div>\n\t\t\t\t<\/div>\n\t\t<div class=\"elementor-element elementor-element-13ea2a52 e-flex e-con-boxed e-con e-child\" data-id=\"13ea2a52\" data-element_type=\"container\">\n\t\t\t\t\t<div class=\"e-con-inner\">\n\t\t<div class=\"elementor-element elementor-element-71568ea4 e-flex e-con-boxed e-con e-child\" data-id=\"71568ea4\" data-element_type=\"container\">\n\t\t\t\t\t<div class=\"e-con-inner\">\n\t\t\t\t<div class=\"elementor-element elementor-element-1a6d3c59 elementor-widget elementor-widget-heading\" data-id=\"1a6d3c59\" data-element_type=\"widget\" data-widget_type=\"heading.default\">\n\t\t\t\t<div class=\"elementor-widget-container\">\n\t\t\t\t\t<h2 class=\"elementor-heading-title elementor-size-default\">ADQUIRA AGORA MESMO <\/h2>\t\t\t\t<\/div>\n\t\t\t\t<\/div>\n\t\t\t\t<div class=\"elementor-element elementor-element-20698b6c elementor-widget elementor-widget-heading\" data-id=\"20698b6c\" data-element_type=\"widget\" data-widget_type=\"heading.default\">\n\t\t\t\t<div class=\"elementor-widget-container\">\n\t\t\t\t\t<h2 class=\"elementor-heading-title elementor-size-default\">\u00daLTIMAS VAGAS!<\/h2>\t\t\t\t<\/div>\n\t\t\t\t<\/div>\n\t\t\t\t<div class=\"elementor-element elementor-element-18fd393 elementor-widget elementor-widget-progress\" data-id=\"18fd393\" data-element_type=\"widget\" data-widget_type=\"progress.default\">\n\t\t\t\t<div class=\"elementor-widget-container\">\n\t\t\t\t\t\n\t\t<div class=\"elementor-progress-wrapper\" role=\"progressbar\" aria-valuemin=\"0\" aria-valuemax=\"100\" aria-valuenow=\"86\" aria-valuetext=\"86% (TOTAL DE VAGAS PREENCIDAS )\">\n\t\t\t<div class=\"elementor-progress-bar\" data-max=\"86\">\n\t\t\t\t<span class=\"elementor-progress-text\">TOTAL DE VAGAS PREENCIDAS <\/span>\n\t\t\t\t\t\t\t\t\t<span class=\"elementor-progress-percentage\">86%<\/span>\n\t\t\t\t\t\t\t<\/div>\n\t\t<\/div>\n\t\t\t\t\t\t<\/div>\n\t\t\t\t<\/div>\n\t\t\t\t<div class=\"elementor-element elementor-element-3bc72ac elementor-widget elementor-widget-heading\" data-id=\"3bc72ac\" data-element_type=\"widget\" data-widget_type=\"heading.default\">\n\t\t\t\t<div class=\"elementor-widget-container\">\n\t\t\t\t\t<h2 class=\"elementor-heading-title elementor-size-default\">DE <s>R$99,90 <\/s> POR<\/h2>\t\t\t\t<\/div>\n\t\t\t\t<\/div>\n\t\t\t\t<div class=\"elementor-element elementor-element-3b55f53f elementor-widget elementor-widget-heading\" data-id=\"3b55f53f\" data-element_type=\"widget\" data-widget_type=\"heading.default\">\n\t\t\t\t<div class=\"elementor-widget-container\">\n\t\t\t\t\t<h2 class=\"elementor-heading-title elementor-size-default\"><b>R$ 10,00<\/b><\/h2>\t\t\t\t<\/div>\n\t\t\t\t<\/div>\n\t\t\t\t<div class=\"elementor-element elementor-element-3e684e5b elementor-widget elementor-widget-heading\" data-id=\"3e684e5b\" data-element_type=\"widget\" data-widget_type=\"heading.default\">\n\t\t\t\t<div class=\"elementor-widget-container\">\n\t\t\t\t\t<h2 class=\"elementor-heading-title elementor-size-default\">Pagamento \u00danico<\/h2>\t\t\t\t<\/div>\n\t\t\t\t<\/div>\n\t\t\t\t<div class=\"elementor-element elementor-element-e68b2fe elementor-mobile-align-center elementor-align-center elementor-widget elementor-widget-button\" data-id=\"e68b2fe\" data-element_type=\"widget\" data-widget_type=\"button.default\">\n\t\t\t\t<div class=\"elementor-widget-container\">\n\t\t\t\t\t\t\t\t\t<div class=\"elementor-button-wrapper\">\n\t\t\t\t\t<a class=\"elementor-button elementor-button-link elementor-size-md\" href=\"https:\/\/rmempreendedorismodt.mycartpanda.com\/checkout\/172050392:1\">\n\t\t\t\t\t\t<span class=\"elementor-button-content-wrapper\">\n\t\t\t\t\t\t\t\t\t<span class=\"elementor-button-text\">COMPRAR AGORA<\/span>\n\t\t\t\t\t<\/span>\n\t\t\t\t\t<\/a>\n\t\t\t\t<\/div>\n\t\t\t\t\t\t\t\t<\/div>\n\t\t\t\t<\/div>\n\t\t\t\t<div class=\"elementor-element elementor-element-32a1e5e3 elementor-widget elementor-widget-image\" data-id=\"32a1e5e3\" data-element_type=\"widget\" data-widget_type=\"image.default\">\n\t\t\t\t<div class=\"elementor-widget-container\">\n\t\t\t\t\t\t\t\t\t\t\t\t\t\t\t<img decoding=\"async\" width=\"1024\" height=\"212\" src=\"https:\/\/digitalpremiumoficial.com\/wp-content\/uploads\/2023\/11\/checkout-e1689811201178-1024x212.png\" class=\"attachment-large size-large wp-image-10\" alt=\"\" srcset=\"https:\/\/digitalpremiumoficial.com\/wp-content\/uploads\/2023\/11\/checkout-e1689811201178-1024x212.png 1024w, https:\/\/digitalpremiumoficial.com\/wp-content\/uploads\/2023\/11\/checkout-e1689811201178-300x62.png 300w, https:\/\/digitalpremiumoficial.com\/wp-content\/uploads\/2023\/11\/checkout-e1689811201178-768x159.png 768w, https:\/\/digitalpremiumoficial.com\/wp-content\/uploads\/2023\/11\/checkout-e1689811201178-1536x319.png 1536w, https:\/\/digitalpremiumoficial.com\/wp-content\/uploads\/2023\/11\/checkout-e1689811201178-2048x425.png 2048w\" sizes=\"(max-width: 1024px) 100vw, 1024px\" \/>\t\t\t\t\t\t\t\t\t\t\t\t\t\t\t<\/div>\n\t\t\t\t<\/div>\n\t\t\t\t\t<\/div>\n\t\t\t\t<\/div>\n\t\t\t\t\t<\/div>\n\t\t\t\t<\/div>\n\t\t<div class=\"elementor-element elementor-element-6ef37e12 e-con-full e-flex e-con e-child\" data-id=\"6ef37e12\" data-element_type=\"container\">\n\t\t\t\t<\/div>\n\t\t\t\t\t<\/div>\n\t\t\t\t<\/div>\n\t\t\t\t<\/div>\n\t\t","protected":false},"excerpt":{"rendered":"<p>QUERO ADQUIRIR QUERO ADQUIRIR O planner digital \u00e9 perfeito para quem quer mais leveza e organiza\u00e7\u00e3o no dia a dia!\u2728 Com ele, voc\u00ea n\u00e3o precisa mais de mil anota\u00e7\u00f5es espalhadas. Em um s\u00f3 lugar, voc\u00ea encontra: \u2705 Rotina di\u00e1ria \u2013 Planeje seu dia de forma pr\u00e1tica e sem estresse. \u2705 Autocuidado \u2013 Priorize seu bem-estar [&hellip;]<\/p>\n","protected":false},"author":1,"featured_media":0,"parent":0,"menu_order":0,"comment_status":"closed","ping_status":"closed","template":"elementor_canvas","meta":{"footnotes":""},"class_list":["post-635","page","type-page","status-publish","hentry"],"aioseo_notices":[],"_links":{"self":[{"href":"https:\/\/digitalpremiumoficial.com\/index.php\/wp-json\/wp\/v2\/pages\/635","targetHints":{"allow":["GET"]}}],"collection":[{"href":"https:\/\/digitalpremiumoficial.com\/index.php\/wp-json\/wp\/v2\/pages"}],"about":[{"href":"https:\/\/digitalpremiumoficial.com\/index.php\/wp-json\/wp\/v2\/types\/page"}],"author":[{"embeddable":true,"href":"https:\/\/digitalpremiumoficial.com\/index.php\/wp-json\/wp\/v2\/users\/1"}],"replies":[{"embeddable":true,"href":"https:\/\/digitalpremiumoficial.com\/index.php\/wp-json\/wp\/v2\/comments?post=635"}],"version-history":[{"count":47,"href":"https:\/\/digitalpremiumoficial.com\/index.php\/wp-json\/wp\/v2\/pages\/635\/revisions"}],"predecessor-version":[{"id":1102,"href":"https:\/\/digitalpremiumoficial.com\/index.php\/wp-json\/wp\/v2\/pages\/635\/revisions\/1102"}],"wp:attachment":[{"href":"https:\/\/digitalpremiumoficial.com\/index.php\/wp-json\/wp\/v2\/media?parent=635"}],"curies":[{"name":"wp","href":"https:\/\/api.w.org\/{rel}","templated":true}]}}